remainder when 22 is divided by b?
6
Let g(p) = p**3 + 6*p**2 + 7*p - 1. Let o be g(-4). What is the remainder when (36/(-8))/o*(-4 - 66) is divided by 53?
52
Suppose 2*u + 0*c - 5*c - 290 = 0, 3*u = 4*c + 421. Calculate the remainder when u - (-4 - 0 - -3) is divided by 46.
44
Let m = 63 + -38. Let r = 17 + -19. Calculate the remainder when m is divided by 22/(-4)*r - 2.
7
Suppose 3*w - h = -6*h + 21, -4*w - h + 45 = 0. Suppose 0 = -3*n + 20 - 8. Calculate the remainder when w is divided by n.
0
Suppose 0*x - 4*x + 304 = 4*k, 0 = 5*x. What is the remainder when 834 is divided by k?
74
Suppose 2*z - 94 - 56 = y, -2*z = 4*y - 140. Calculate the remainder when 212 is divided by z.
64
Suppose -253 = -2*q + 579. Calculate the remainder when q is divided by 19.
17
Let f = -1350 + 1360. Calculate the remainder when ((-44)/(-8))/((-1)/(-18)) is divided by f.
9
Suppose 5 = -4*u + 17. Let q = -11 - -22. What is the remainder when q is divided by u?
2
Let f = 129 + -72. Let p = 87 - f. Calculate the remainder when p is divided by 8.
6
Suppose -10 - 10 = -5*h, 5*a - 4*h + 6 = 0. Suppose 31 - 5 = a*c. Suppose 3*j = 58 - c. What is the remainder when 44 is divided by j?
14
Let k = -11 - -92. Let z = -16 - -37. Calculate the remainder when k is divided by z.
18
Let p = 1016 + -767. What is the remainder when p is divided by ((-8)/2)/((-4)/42)?
39
What is the remainder when 43 is divided by ((-330)/132)/(1/(-4))?
3
Let u(h) = -26*h - 11. Let p be u(-4). Let c = -70 + p. What is the remainder when c is divided by 4?
3
Let z(l) = -l**3 + 14*l**2 + 3*l + 6. Let d be z(13). Suppose m - 235 = -d. What is the remainder when 81 is divided by m?
18
Let j(f) = -6*f - 16. Let o be j(-4). Suppose 6*y - 64 = o. Calculate the remainder when 23 is divided by y.
11
Calculate the remainder when (36/(-30))/((-18)/14430) is divided by 9.
8
Suppose 5 - 4 = z. Calculate the remainder when (z/2)/(2/(-4)) + 24 is divided by 12.
11
Calculate the remainder when 19*1*-4*8/(-16) is divided by 13/5*20/4.
12
Let l = 191 - 124. Suppose -5*a - 2*f + 0*f = -80, -5*f = 3*a - l. Calculate the remainder when 54 is divided by a.
12
Let p(t) = 4*t - 1. Let f be p(1). Suppose -4*h + 17 + f = 0. What is the remainder when -7*(-1 + 1 - 1) is divided by h?
2
Suppose 27*a - 128 + 20 = 0. What is the remainder when 27 is divided by a?
3
Let n(b) = 2*b + 9. Let r be n(-6). Let l = r - -9. Suppose -3*h + 3 = -3. Calculate the remainder when l is divided by h.
0
Let r be -3*(-3 - (-4)/3). Suppose -56 = -r*l + 49. Let z = 30 - l. What is the remainder when 24 is divided by z?
6
Suppose -121*b = -105*b - 208. What is the remainder when 116 is divided by b?
12
Let d be (-64713)/(-121) - 4/(-22). Suppose -2*s + 7*s = -5*u + d, 5*u - 559 = 3*s. Calculate the remainder when u is divided by 37.
36
Let v(a) = -a**2 + a + 13. Let p(m) = -2*m**2 + 2*m + 26. Let c(q) = 3*p(q) - 5*v(q). What is the remainder when 1*5/2*20 is divided by c(0)?
11
Let w = 32 + -39. Let q(n) = 3*n + 26. What is the remainder when 19 is divided by q(w)?
4
Suppose 3*o - g - 3*g - 16 = 0, -5*o - 16 = 4*g. Suppose -4*y = 16, o = 3*b - 0*b + 5*y + 11. Let j = -3 - -13. What is the remainder when j is divided by b?
1
Let h = 13 - -41. What is the remainder when 107 is divided by h?
53
Let g = -488 - -884. Suppose -s + g = 5*s. What is the remainder when s is divided by 17?
15
Let j = 19 + -22. What is the remainder when (j/3)/1*171/(-3) is divided by 29?
28
Let x = 25 + -29. Calculate the remainder when -1 + 1 + 2 - -45 is divided by x/18 + (-330)/(-27).
11
Suppose -2*x + 3*n + 0 - 27 = 0, 0 = -4*n + 12. Let y = 0 - x. What is the remainder when y is divided by 3?
0
Suppose 22 = 4*l - 10. Let a be 20*-12*(-4)/l. Let b = -80 + a. Calculate the remainder when b is divided by 14.
12
Let u(v) = -v**2 + 7*v + 20. Let l be u(9). Suppose l*k - 10 = -4*a - 0, 3*k + 4*a = 21. What is the remainder when k*(-3 + 1 + 3) is divided by 6?
5
Suppose v - 133 = -5*b - 3*v, -4*b + 94 = -3*v. What is the remainder when 990/21 - (-2)/(-14) is divided by b?
22
Suppose -3*i - 2*o = 220, -i = 5*o - 3 + 85. Let b = i - -137. Suppose 3*x - b = -2*g, -2*x - 68 = -2*g - 6*x. Calculate the remainder when 109 is divided by g.
25
Suppose -5*v + 3*v = 520. Let s = v + 379. Suppose 4*o = s + 1. What is the remainder when o is divided by 11?
8
Suppose 2*m + v - 39 = -0*v, -3*m = -3*v - 54. Let u = m + -9. What is the remainder when u is divided by 3?
1
Suppose 325 + 35 = 8*m. What is the remainder when m is divided by 23?
22
Let a be 20/6*12/8. Suppose -j + a*j = -2*i - 10, 5*j + 20 = 0. Suppose b = -i*p + 13, -3*b - 3*p + 16 + 17 = 0. Calculate the remainder when b is divided by 6.
4
Suppose 88 = -4*u - 264. Let v be (-18)/22 + 16/u. What is the remainder when 50 is divided by (-1 - 55)/(-4) + v?
11
Let o(j) = -6*j + 2. What is the remainder when o(-5) is divided by (-2*3/(-12))/((-9)/(-306))?
15
Let b = 426 - 394. What is the remainder when b is divided by 12?
8
Suppose 3*p = 2*m - 7*m + 25, 0 = -4*m - 5*p + 33. What is the remainder when m*8*4/24*36 is divided by 14?
12
Suppose 3*j - 36 - 3 = 0. Let y(d) = -d**3 + 14*d**2 + 27*d + 114. What is the remainder when y(16) is divided by j?
8
Let z = -49 - -42. What is the remainder when z/(28/(-272)) + (-1 - 1) is divided by 17?
15
Let h(u) be the first derivative of 2*u**3/3 + 15*u**2/2 + 4*u - 32. Calculate the remainder when h(-10) is divided by 28.
26
Suppose 12*l - 128 = 220. Calculate the remainder when 478 is divided by l.
14
Let c be 4/3*33/22. Let j be c + 0/4 + 0. Suppose j*a = 5 + 21. Calculate the remainder when a is divided by 5.
3
Let p(t) = 4*t - 36. Let j(a) = -5*a + 35. Let s(n) = -3*j(n) - 4*p(n). Calculate the remainder when 47 is divided by s(22).
13
Suppose -4*l + 230 = l. What is the remainder when -18 + 191 + (14/(-4))/((-10)/20) is divided by l?
42
Let t = 630 + -626. Suppose -v - 2*v + 108 = 0. Calculate the remainder when v is divided by t.
0
Calculate the remainder when 2/(-9) - (-281)/9 is divided by 12.
7
Let b(h) = -20*h**3 - 2*h**2 + 2*h. Let w be b(-3). Suppose 0 = -14*t + 8*t + w. What is the remainder when t is divided by 8?
6
Let t(h) = 2 + h**2 + 3*h + 1 - 8*h. Let z(y) = -y**3 - 3*y**2 + y - 39. Let m be z(-5). Calculate the remainder when 17 is divided by t(m).
8
Suppose 0 = 3*f - 4 - 14. Suppose -3*j = -f*j + 87. Suppose 0 = 5*r + 2*r - 112. Calculate the remainder when j is divided by r.
13
Let a be (8/10)/((-4)/(-170)). Let n(t) = a*t**3 + t**2 - 1 + 3*t**2 - 2*t**2. Calculate the remainder when n(1) is divided by 9.
8
Suppose 4*c - 172 = -4. Let y(a) = 7*a + 8. What is the remainder when c is divided by y(2)?
20
Suppose -2*g = -4*q + 116, -3*g + 5 = q - 10. Calculate the remainder when 56 is divided by q.
2
Suppose 0 = -n - 10*n + 264. Suppose -3*u = -n + 12. Calculate the remainder when 5 is divided by u.
1
Let y(k) = 1231 - k - 1231. Suppose -5*z + 20 = -5*v, 3*v + 9 = -z + 1. Calculate the remainder when 7 is divided by y(v).
1
Suppose 0 = y + z - 45, -104 = -5*y - z + 105. What is the remainder when 186 is divided by y?
22
Suppose -186 = -5*f - 2*w, -1 + 22 = f - 5*w. Suppose -63 - 51 = -6*d. Calculate the remainder when f is divided by d.
17
Let z(v) = -2*v - 40. Let j be z(6). Let s = j + 175. Calculate the remainder when s is divided by 31.
30
Let a = 0 + 2. Let c be (1 - 2)*-1*294/42. Suppose a*o - c*o = -210. What is the remainder when o is divided by 23?
19
Suppose -1 - 11 = -3*f, -841 = -5*b - 4*f. What is the remainder when b is divided by 34?
29
Let w(j) be the third derivative of 13*j**4/12 - 5*j**3 - 40*j**2. Calculate the remainder when 238 is divided by w(3).
46
Let q = 321 - 291. Calculate the remainder when 65 is divided by q.
5
Let d(k) be the first derivative of 2*k**3/3 - 6*k**2 + 22*k + 23. Calculate the remainder when 177 is divided by d(7).
33
Suppose -4*y = -34 + 2. Suppose -32*i + 10*i = -682. Calculate the remainder when i is divided by y.
7
Suppose 0 = 116*p - 115730 + 45318. What is the remainder when p is divided by 16?
15
Let l = 117 + 40. Let d = 25 - -15. What is the remainder when l is divided by d?
37
Suppose 3*y - 6 = -2*z, -4 = -2*y + z - 0*z. Suppose 151 = 5*r - 0*i - y*i, 5*r = 3*i + 149. What is the remainder when r is divided by 9?
4
Let